of d and 105.
15
Let b(g) = g**3 - g**2 - g + 12. Let m be b(0). What is the greatest common divisor of 4 and m?
4
Suppose -4*o - 2*h = -10, -3*h + 3 = -5*o - 1. Let r(a) = 7*a. Let z be r(o). Calculate the highest common divisor of 28 and z.
7
Let k be ((-126)/(-8) + 3)*-4. Let g = k - -131. What is the greatest common divisor of 14 and g?
14
Suppose 3*h - 45 = 3*o, 3*h - 29 = -4*o + 2. Calculate the highest common factor of h and 65.
13
Let y be 10/(-1)*1/2. Let r = y - -3. Let c be 3 + (r*1)/1. Calculate the greatest common factor of 3 and c.
1
Suppose -3*h + 37 + 11 = 0. Let c(n) = n. Let x be c(5). Suppose 2*f - 60 + 8 = 3*t, -5*f - x*t = -180. What is the greatest common divisor of h and f?
16
Suppose 229 - 61 = -4*t. Let d = 74 + t. Calculate the greatest common divisor of 48 and d.
16
Let u(b) = -17*b - 1. Let l be u(-1). Suppose -40 - l = -4*d. What is the highest common factor of 2 and d?
2
Suppose -d - o = -36 - 148, 3*o = -15. Calculate the greatest common divisor of d and 27.
27
Let q(c) = 23*c - 4. Let f be q(2). Calculate the highest common factor of 28 and f.
14
Suppose 0 = -5*k - 5*h + 21 + 44, 0 = 5*k - 4*h - 29. What is the highest common factor of k and 63?
9
Suppose -2*f + 2*x = -4*f + 8, 3*x = 2*f + 2. Calculate the highest common factor of f and 14.
2
Suppose b = 8*j - 4*j - 21, 5*j = 4*b + 18. What is the highest common factor of 42 and j?
6
Let q be (58/(-8))/((-2)/8). Let z be 3/(-6) + q/2. Suppose -4*h + 59 = 3*v - 44, -4*h + 124 = -4*v. What is the greatest common divisor of h and z?
14
Let a = -73 - -123. Calculate the greatest common divisor of 125 and a.
25
Suppose -5*s + 3*f = -34, -3*s + 7*f = 4*f - 18. Let x = 18 - s. Let w be 92 + (-3 + 5)/(-1). Calculate the highest common factor of w and x.
10
Let s = -1 - -3. Let z = -4 - -6. Suppose -z*b + 8 = 5*h, -4*b + 2 = 6. What is the highest common divisor of s and h?
2
Suppose w - 55 = -4*d, 0 = 5*d - 2*w + 4*w - 65. Calculate the highest common factor of 3 and d.
3
Suppose -y - y - 194 = 0. Let n = 22 - y. Let l(p) = p**3 - 3*p**2 - 6*p - 3. Let w be l(5). Calculate the highest common divisor of w and n.
17
Suppose -8*d + 8 + 0 = 0. Suppose -2*q - 3 = 5. Let u(y) = y**3 + 3*y**2 - 4*y + 2. Let b be u(q). What is the highest common factor of d and b?
1
Let l be (-4)/(-10) + (-32)/(-20). Let k = 8 + 0. What is the greatest common factor of k and l?
2
Suppose -15 = -9*x + 4*x. Suppose -294 = -5*p + r + 2*r, x*r = 3*p - 180. What is the greatest common factor of p and 19?
19
Let p(y) = 4 - 4*y + 1 + y**2 - 2*y**2. Let d be p(-5). Suppose 2*u - 56 = -4*c, -2*u - 2*c + d*c + 46 = 0. Calculate the highest common factor of u and 45.
9
Let s = 33 - 20. What is the highest common factor of 26 and s?
13
Suppose -4 = 3*c + 5. Let x be (-1)/(147/(-48) - c). Calculate the highest common factor of 176 and x.
16
Let z = -1 + -6. Let k(b) = -b**2 - 11*b + 6. Let w be k(z). What is the greatest common divisor of 51 and w?
17
Suppose 2359 + 1001 = 30*l. Let y = -48 + 75. Suppose 3*c - y - 15 = 0. Calculate the greatest common factor of c and l.
14
Suppose -4*x - 5*f + 92 = 0, -32 = -x + f - 0*f. Suppose i + 3*i = 168. What is the highest common factor of i and x?
14
Let n(p) = p**2 + p. Let f be n(-3). Let q(x) = x**3 - 9*x**2 + 5*x + 9. Let d be q(9). Calculate the greatest common divisor of f and d.
6
Suppose 0*d - x + 1685 = 4*d, -2*x - 830 = -2*d. Suppose v - 6*v + d = 0. Suppose 0 = -4*l + 48. What is the highest common divisor of l and v?
12
Let c = -27 - -31. What is the highest common divisor of 64 and c?
4
Suppose 4*j - 5*j + 1 = 0. Let w(q) = 4*q**3 - 2*q**2 + q. Let l be w(j). Let g be (3 + 5/(-1))*(-15)/10. Calculate the greatest common factor of l and g.
3
Let v(n) = -n**3 - 4*n**2 + 4*n - 7. Let q be v(-7). Suppose 84 = 4*d - 5*g, -4*d + 2*g = -71 - 1. What is the highest common factor of q and d?
16
Let b(r) = 3*r + 1. Let g be b(7). Suppose 0 = -0*o + o - g. Let p = -16 + o. Calculate the highest common factor of 42 and p.
6
Let l be (-1)/(201/51 - 4). What is the greatest common factor of l and 136?
17
Suppose 5*v - 18 = -2*s - 4, -s - 2*v + 6 = 0. What is the greatest common factor of s and 5?
1
Let w = -233 + 241. Let k(i) = i**2 - i. Let u be k(-3). What is the greatest common divisor of u and w?
4
Let j = 46 - 29. Let a = 385 - 266. What is the greatest common factor of j and a?
17
Let y = 0 - -1. Let h(n) = 6*n**3 + n**2 - 1. Let k be h(y). Suppose 3*a - 59 = -0*d - 4*d, -d + k = -a. What is the greatest common divisor of d and 99?
11
Let c be 204/(-10)*40/(-16). Let s = -30 + c. What is the greatest common divisor of 21 and s?
21
Let b(k) = -k**3 + 9*k**2 - 8*k + 6. Let q be b(8). Calculate the highest common divisor of q and 6.
6
Suppose z - 20 = 3*y, -y = 4*z - 2*y - 58. Let n be (4/10)/((-1)/(-5)). Let d be n/2*42*1. Calculate the greatest common divisor of z and d.
14
Suppose -5*b = -3*j + 205, -j - 4*b + 91 = -0*j. Suppose 2*h = -0*h. Suppose -v + j = -h*v. Calculate the greatest common divisor of v and 30.
15
Let v(p) = -2*p + 2*p - 5 - 3*p. Let u(k) = -4*k**2 + k. Let d be u(-1). Let n be v(d). Calculate the greatest common factor of 40 and n.
10
Suppose 624 = 3*l + 3*l. Calculate the greatest common factor of l and 26.
26
Suppose 0 = -0*x + x - 2. Let s = x - -13. What is the greatest common factor of 120 and s?
15
Suppose 5*v - 2*r = 59, -r = -3*v + 6 + 30. Let u be (-130)/(-4)*(-12)/(-15). What is the greatest common divisor of v and u?
13
Let k(g) = 2*g**2 + 6*g - 30. Let v be k(12). What is the greatest common factor of 30 and v?
30
Let b be 0 - (-2 - 0 - 808). Suppose 5*u = b - 290. Calculate the highest common divisor of u and 13.
13
Let y = 33 + -21. Calculate the greatest common divisor of 6 and y.
6
Suppose -y - 3 = -4. Suppose -5*n + 7 = -8. Suppose -3*u - 14 = -5*u - 4*a, n*a - 4 = 5*u. What is the highest common factor of y and u?
1
Let v(c) = -c**3 - 9*c**2 - 8*c + 8. Let w be v(-8). Let t be (-614)/(-7) + (-10)/(-35). What is the greatest common factor of t and w?
8
Let b = 13 - 10. Suppose -m + 2*m - b*t - 51 = 0, -3*m + 5*t = -141. Calculate the greatest common factor of 21 and m.
21
Suppose -3*c = -3*s - 2*s - 62, s - 2 = 0. Let q = c + -14. Suppose -3*z + 49 = -41. What is the highest common divisor of q and z?
10
Let j be (-4)/(-10) + (-36)/(-10). Let m(r) = r**3 - 3*r**2 + r + 1. Let f be m(3). Let y = f - 0. What is the highest common factor of y and j?
4
Let x(b) = -b**3 - 8*b**2 - 3*b - 15. Let d be x(-8). Calculate the greatest common factor of 36 and d.
9
Let w = -19 + 16. Let r(v) = -38*v + 6. Let y be r(w). What is the highest common factor of 15 and y?
15
Let b = 358 + -178. What is the greatest common divisor of b and 18?
18
Let j be 62 - ((-1)/4 + 42/(-24)). Calculate the highest common divisor of j and 160.
32
Let g(o) = -2*o + 17. Let i be g(-2). Calculate the highest common divisor of i and 189.
21
Let y(z) = -z**3 + 15*z**2 - 2*z - 1. Let q be y(12). What is the greatest common factor of 37 and q?
37
Suppose 0 = -4*r - 11 + 43. Let m(o) = 2*o**2 + 2*o. Let w be m(2). Calculate the greatest common factor of w and r.
4
Let i(d) = 4*d + 8. Let x be i(13). Let o be 138/2 + (-2 - -2). Let s = o - 45. What is the greatest common factor of x and s?
12
Let y be 4 + -3*(-3)/9. Let m = -2 + y. Suppose w - m*w = -16. Calculate the highest common factor of 24 and w.
8
Let t = -20 - 11. Let w = -21 - t. Calculate the highest common factor of w and 10.
10
Let z = -28 - -59. Let b = 66 - z. What is the highest common divisor of b and 7?
7
Let p = 851 + -601. What is the highest common divisor of p and 10?
10
Let n be (-582)/(-4)*2/(-3). Let j = n + 139. Let h be (-2)/(-6) - 314/(-3). Calculate the highest common divisor of j and h.
21
Suppose 4*t = 3*n - 76, 4*t + 13 = n - 15. Calculate the greatest common factor of n and 24.
24
Let i = 12 + -8. Let y be (5 - i) + 3*1. Suppose 0 = -0*v + y*v - 220. What is the greatest common factor of 5 and v?
5
Suppose 4*i - 112 = 4*l, 2*i = -2*l - l - 59. Let f = -2 - l. Calculate the highest common factor of 231 and f.
21
Suppose 5*i - 40 = -5*y, -2*i = y - 0*i - 8. Let h be (-4)/(-14) + 276/14. Calculate the highest common factor of h and y.
4
Let y = -13 - 26. Let s be 1/(1 - (-38)/y). Su